- 2 - 70*t**3 + 4 + 3*t. Let a be n(-1). Let k = -23 - -33. What is the highest common factor of a and k?
10
Let l = 12 + -12. Let c be 570/6 + (l - -1). What is the highest common divisor of 12 and c?
12
Suppose -77 = 4*y + 15. Let a = y - -34. Calculate the greatest common divisor of 11 and a.
11
Suppose n = -0*n + 108. Suppose j - n = -2*j. What is the greatest common factor of 12 and j?
12
Let t be 182/6 + 2/(-6). Let s = -77 - -92. What is the highest common factor of t and s?
15
Suppose 6 = 3*x - 18. What is the highest common divisor of x and 56?
8
Let g be (7 - 4) + 0 + -3 - -9. What is the greatest common divisor of g and 99?
9
Let b be -2 + (12 - (2 + -2)). Let o = 142 - 62. What is the greatest common divisor of o and b?
10
Suppose 0 = 3*r - 873 + 360. What is the highest common factor of 19 and r?
19
Let i(t) = 5*t + 21. Let q be i(-3). What is the highest common divisor of 42 and q?
6
Suppose h + 926 = 6*h - 3*x, 0 = 4*h - 3*x - 742. What is the greatest common factor of 23 and h?
23
Let y(u) = 30*u**2 + 2*u. Let t = 7 - 5. Let n be y(t). Let d = n - 84. Calculate the highest common factor of d and 8.
8
Let n be ((-1)/(-4))/(10/840). Let o(s) = -s + 3. Let i be o(0). Calculate the greatest common divisor of n and i.
3
Let o = 5 + 15. Let q(k) = k + 74. Let x be q(-24). What is the greatest common divisor of o and x?
10
Let b = -4 - -3. Let j be 1 - -44 - (b - -1). What is the highest common divisor of 9 and j?
9
Suppose -22 = -2*c + 8. Let p(h) = -h - 8. Let i be p(0). Let f = 11 + i. What is the highest common divisor of c and f?
3
Let i = 3 + 0. Suppose -5*x + i = 6*c - 2*c, 2*x + 10 = 4*c. Suppose -4 = c*k, 0 = 4*z - k - 0*k - 102. What is the highest common divisor of 10 and z?
5
Suppose -p + 26 = -5*f, 0*p + 2*f + 92 = 2*p. Suppose -4*c + 3*c + 30 = b, 0 = 5*b + c - 166. What is the highest common divisor of b and p?
17
Let o be 1708/70 + 2/(-5). What is the greatest common divisor of 18 and o?
6
Let f = -45 - -49. Calculate the highest common divisor of 20 and f.
4
Suppose 1 = 4*j - 7. Suppose 0 = 4*o + 2*r - 4*r - 304, -j*o = 4*r - 142. Let b = 104 - 74. Calculate the greatest common factor of o and b.
15
Let d be (58/(-6))/(1/(-3)). Suppose -3*u + d = -4. Calculate the greatest common divisor of 88 and u.
11
Suppose -4*v + 3*p = -25, 2*v - 39 = -2*p - 9. What is the highest common divisor of v and 5?
5
Suppose -3*d - 16 - 2 = 0. Let v be 0 + 0 + -1 - d. Suppose -299 = -10*j + 5*j + g, -2*g = -v*j + 298. What is the highest common divisor of 12 and j?
12
Suppose -9*x = -7*x + 56. Let t = 52 + x. What is the greatest common factor of t and 3?
3
Suppose 2*b = b. Suppose b = 5*o + 21 + 29. Let c be (-3 + 2)/(2/o). What is the highest common divisor of 40 and c?
5
Let x(y) = -y - 14. Let r be x(-12). Let m be (-43 + r)/(-3)*1. Calculate the greatest common divisor of m and 45.
15
Let r(d) = -d**2 + 6*d - 2. Let m be r(6). Let i be ((-16)/(-10))/(m/(-10)). Calculate the highest common factor of i and 20.
4
Suppose -2*j = -0*w + 3*w - 11, 3*j = 3*w - 21. Let m = j - -7. Calculate the highest common factor of m and 15.
5
Suppose 5*m - 2*n + 3*n - 4 = 0, -3*m + 20 = 5*n. Let h be 2 + m/(2 - 0). Suppose 0 = h*d - 10 - 24. Calculate the greatest common divisor of d and 136.
17
Let s = -6 - -29. Let i = 65 - s. Suppose -3*j = -0*j - i. Calculate the greatest common factor of j and 154.
14
Let i be -1*1*(-7 - -7). Suppose -5*m = v - 5, m + i*m = 4*v + 22. Suppose l = m*l - 154. What is the highest common factor of 14 and l?
14
Suppose 21*h = 23*h - 42. Calculate the greatest common factor of h and 7.
7
Let q(h) = 10*h**2 + h + 1. Let f = 5 + -6. Let i be q(f). Calculate the highest common factor of 20 and i.
10
Suppose 0 = -48*u + 46*u + 22. Calculate the highest common divisor of u and 88.
11
Suppose 0 = 3*l + 3*a - 15, -3*a = -l - a + 17. Suppose 11*i + 54 = 13*i. Calculate the highest common factor of l and i.
9
Suppose -u = -2*j - 15, 2*j = -3*j + u - 45. Let c = j - -19. Suppose 0 = k - 6*k + 315. What is the greatest common factor of c and k?
9
Suppose 3*z = -41 + 2. Let h be (-24)/32*(z - -1). Suppose -3*m - 9 = -4*m. Calculate the greatest common factor of m and h.
9
Suppose 2*r + 3*r - 15 = 0. Let v(b) = 1 + 0 + r - 15*b. Let i be v(-4). What is the greatest common factor of 16 and i?
16
Suppose -2*p + 6 = -0*p, -3*q - 4*p + 72 = 0. Let h(n) = -5*n + 6. Let v be h(8). Let i = 74 + v. What is the greatest common factor of i and q?
20
Let y be (-539)/(-28) + 3/4. What is the greatest common divisor of y and 5?
5
Let d be (-2 + 3)*-3 + 26. Calculate the highest common factor of 23 and d.
23
Let d = 42 - 26. Let i(v) = 5*v**2 + 2*v + 1. Let g be i(-1). What is the highest common factor of g and d?
4
Let o(j) = -3*j**3 - 3*j**2 + 4*j + 9. Let h be o(-2). Calculate the greatest common factor of h and 13.
13
Suppose 3*c + 32 = 7*c. Let t be (-14)/3*(-12)/c. Suppose 2*l + 2*b - 3*b = 121, 2*l - 111 = 3*b. Calculate the highest common factor of t and l.
7
Suppose 4*n - 3*n + w - 6 = 0, 4*w - 9 = n. Suppose -u = -j + 9, u = j - n*j - 18. Let q be (-4)/u + 95/3. Calculate the greatest common divisor of 80 and q.
16
Suppose 8 = -2*i - 4*m, -2*i - 2 = -6*i - 2*m. Calculate the highest common factor of i and 18.
2
Suppose 5*f + 110 = -4*u + 431, -67 = -f + 2*u. What is the highest common divisor of f and 13?
13
Let f be (276/8 - -5) + 1/2. What is the highest common factor of 120 and f?
40
Let d be ((-4)/(-6))/(3/126). Let i = 28 + -12. Let f = d - i. What is the greatest common factor of 60 and f?
12
Let n be (-1 - -2)/(1/60). What is the greatest common divisor of 12 and n?
12
Let u = -1 - 2. Let f(g) = -g**2 - 8*g - 3. Let i be f(-6). Let d be i*((-1 - u) + -1). What is the greatest common divisor of d and 63?
9
Let h be (-2)/(-4) + (-131)/(-2). Suppose 5*j + h = c, -5*c + 63 = -j - 267. Let v be 16/4 - (-1 - 1). What is the greatest common divisor of v and c?
6
Suppose -7*u + 69 = -64. Calculate the greatest common factor of u and 38.
19
Let y(c) = -c**3 + 3*c**2 + 7*c + 6. Let i be y(-2). Calculate the highest common factor of 2 and i.
2
Let o(d) = d**3 + d**2. Let v be o(-1). Suppose 4*n + n - 55 = v. Calculate the highest common divisor of 99 and n.
11
Let l(n) = n**3 + n**2 - 3*n - 4. Let o(t) = -t**3 - t**2 + 2*t + 3. Let h(s) = 3*l(s) + 4*o(s). Let i be h(-2). What is the greatest common divisor of 2 and i?
2
Suppose -5*x + 3*b = -437, 4*b + b = -5*x + 405. Let l = 35 + -13. Let s = l + -5. Calculate the greatest common divisor of s and x.
17
Suppose -3*n = -2*u - 17, 2*n = 2*u + u + 8. Let q(g) = -g**2 + 11*g - 8. Let b be q(n). Calculate the highest common factor of 8 and b.
4
Let q = -145 + 273. Let m be 33/22*32/3. Calculate the highest common factor of m and q.
16
Let f = -5 + 9. What is the greatest common divisor of f and 16?
4
Suppose 0 = -4*y - 2*n - 41 + 13, -4*y - 16 = -4*n. Let i(c) = -c**2 - 7*c + 8. Let t be i(y). Calculate the greatest common divisor of t and 7.
7
Let f be (-6)/9*45/(-2). What is the greatest common factor of 25 and f?
5
Suppose -4 = 5*i + u, -4*i - 3*u - 6 = -5*u. Let r(h) = -22*h - 1. Let l be r(i). What is the greatest common factor of 147 and l?
21
Let m(q) = -q**3 + 3. Let r(u) = u**3 - 2*u**2 + 1. Let l be r(1). Let h be m(l). Let t = 78 + -45. What is the greatest common factor of h and t?
3
Let q = 19 - -149. Calculate the greatest common factor of 112 and q.
56
Let f(l) = l**3 + 2*l - 6. Let d be f(2). What is the greatest common factor of 3 and d?
3
Let d be -3 - -2 - (1 - 242). What is the highest common divisor of 30 and d?
30
Let y = 3 - 1. Let d be 29/y - 2/4. Calculate the greatest common factor of d and 14.
14
Let o(y) = y**2 - y - 1. Let z be o(-1). Suppose 4*a + 0*g + 44 = -g, -3*g = 0. Let i = a - -13. What is the greatest common factor of z and i?
1
Let o be 27/15 + 8/(-10). Let t(y) = 12*y. Let f be t(o). Calculate the greatest common divisor of f and 12.
12
Let r(k) = -k - 14. Let s be r(-10). Let b be 2/8 - (-13)/s. Let l = b - -4. What is the highest common divisor of l and 1?
1
Let p(y) = -22*y**3 + y**2 + 2*y + 1. Let o = -2 + 1. Let g be p(o). Calculate the highest common factor of g and 33.
11
Let x = 38 - 27. Calculate the highest common factor of x and 88.
11
Let d